14)/(-42) - 1 is divided by o.
38
Suppose 3*s + s = 3*x - 5, 0 = -5*x - 3*s - 11. Calculate the remainder when (x + -51)/(-8 + 7) is divided by 18.
16
Suppose 0 = 6*u - 5*u + 3*a + 208, 3*a = -4*u - 868. Let r be 3*(1 + -6 + 0). What is the remainder when (-5)/r + u/(-6) is divided by 10?
7
Suppose 0 = 4*m - 16, -4*s + 56 = m - 16. Suppose 0 = 2*f - 146 + 36. Suppose -2*w + 9 = -f. What is the remainder when w is divided by s?
15
Suppose 0*s - 8 = -2*s. Suppose -1 + 17 = s*j. Suppose 4*m - o + 9 = 48, m - 2*o - 1 = 0. What is the remainder when m is divided by j?
3
Let h = 330 + -86. Let r = h + -148. What is the remainder when 29 is divided by (r/(-9))/((-10)/15)?
13
Let a = -112 + -66. Let r = a + 292. Calculate the remainder when r is divided by 39.
36
Let n(l) = -4*l - 2. Let k be n(3). Let g(m) = 6*m - 3. What is the remainder when g(5) is divided by (k/4)/((-2)/8)?
13
Suppose -3*p + 2*p = -3. Suppose -p*h - 2*v = -v + 91, -3*h - 2*v - 92 = 0. Let g = -14 - h. What is the remainder when 30 is divided by g?
14
Suppose k + 6*b = 2 + 2, 4*b + 34 = k. What is the remainder when 146 is divided by k?
14
Let v be 3/3 + 28 + 2/(-1). Suppose 9*l - 12*l = -v. Calculate the remainder when 14 is divided by l.
5
Let d = -761 - -1169. What is the remainder when d is divided by 146?
116
Suppose 5*u + 259 = 4*g, 4*g + 44 = -4*u + 312. Suppose 3*x - 2*a - a - g = 0, -5*x + a + 106 = 0. What is the remainder when x is divided by 8?
5
Suppose -2*c + 232 = 12. Let z(w) = 35*w**3 + 2*w**2 - 2*w + 2. Calculate the remainder when c is divided by z(1).
36
Suppose -540 = -2*w - 4*l, 0 = -0*w + 5*w - 3*l - 1311. Suppose 2*g - 91 = -y, -y - w + 26 = -5*g. What is the remainder when g is divided by 16?
15
Suppose -277 = -10*n + 23. What is the remainder when 1019 is divided by n?
29
Suppose -4*u = -5*u - 6. Let b be 23/2 - 3/u. Let c = b + 0. What is the remainder when c is divided by 5?
2
Let s(b) = -15*b + 106. What is the remainder when s(-4) is divided by 31?
11
Let a(f) = 14*f + f**2 + 1 - f + 3 - 2*f**2. Let l be a(10). Let p = 64 - l. What is the remainder when p is divided by 16?
14
Let q be (-5 + 0)/5 + -35. Let z = q + 53. What is the remainder when 30 is divided by z?
13
Let f(p) = -25*p + 13*p + 13*p. Let i be f(2). Suppose 3*a - 20 = -i*a. Calculate the remainder when 13 is divided by a.
1
Let r(d) = -3*d**3 - 13*d**2 + 15*d + 35. Calculate the remainder when r(-7) is divided by 17.
16
Let f(x) = -x**2 - 6*x - 3. Suppose 4*u - 2*u = 0. Calculate the remainder when f(-3) is divided by (u + -1 - -9)/2.
2
Let t = -296 + 531. Let k = 247 - t. Calculate the remainder when 0 - 1/((-1)/23) is divided by k.
11
Let l(a) = -11*a - 4. Let d be l(-6). Suppose w = d - 19. Calculate the remainder when w is divided by 15.
13
Let z be 3 - 3 - (2 + -5). Let l(m) = 10*m - 5. What is the remainder when l(z) is divided by 14?
11
Suppose 2 + 10 = 3*z. What is the remainder when 107/15 + (8 - (-854)/(-105)) is divided by z?
3
Calculate the remainder when ((-12201)/(-245))/(6/20) is divided by 86.
80
Suppose -q - 2*q + 4*o + 2 = 0, 0 = -2*o + 2. Suppose -q*u - 19 = 5*p, -4*p - 2*u = -0*p + 16. What is the remainder when (-14)/p*(-15)/(-1) is divided by 24?
22
Let x(r) = 2*r**2 + 2*r + 5. Suppose 4 = u + 2*o - 11, 5*u - 5*o = 135. Calculate the remainder when x(6) is divided by u.
20
Suppose -27*h - 714 = -21*h. Let p = -82 - h. Calculate the remainder when 145 is divided by p.
34
Suppose 4*o + 44*o = 6528. Calculate the remainder when 275 is divided by o.
3
Calculate the remainder when 918 is divided by 18 - 2 - (-6 - (8 - 10)).
18
Suppose -3*v + 7*v = 160. Let i = 56 - v. Calculate the remainder when 62 is divided by i.
14
Suppose 7*t + t = 48. Let b(x) = -x**3 + 7*x**2 - 3*x + 9. What is the remainder when b(t) is divided by 14?
13
Let s(r) = -5*r + 28. What is the remainder when 125 is divided by s(-8)?
57
Suppose -z - z + 30 = 0. Let y = -26 + 29. Calculate the remainder when (-53)/(-2) + y/2 is divided by z.
13
Let n(j) be the third derivative of -5*j**2 + 0 + 1/15*j**5 + 0*j + 1/6*j**4 - 1/6*j**3. Calculate the remainder when n(-4) is divided by 24.
23
Suppose 2*d = -0*d - 4. Let g be (-9)/18 - 1/d. Calculate the remainder when 7 is divided by (-20)/(-4) + g + -1.
3
Suppose -8*m + 2*m = -246. Calculate the remainder when 163 is divided by m.
40
Let w(y) = -7*y - 3. Let o(m) = 2*m + 2. Let n(i) = 3*o(i) + w(i). Suppose 5*p + 7 = -l - 0, l + 7 = -p. Calculate the remainder when 29 is divided by n(l).
9
Suppose 7 - 47 = -4*l. Suppose -5*b + 2*h + 61 = -2*h, 3*b + 4*h = 11. Suppose -l*k + 49 = -b*k. Calculate the remainder when k is divided by 13.
10
Let c be 40/(-12) + 3 + (-1227)/(-9). Let g = c + -122. Calculate the remainder when 52 is divided by g.
10
What is the remainder when 218 is divided by (-85)/15 + 7 - (-112)/6?
18
Let h(k) = -k**3 + 8*k**2 + 3*k + 3. Let n be h(8). Suppose -4*p = -3*p - n. Let m = 36 - p. What is the remainder when m is divided by 3?
0
What is the remainder when 262 is divided by -5 - ((-711)/9 + 10)?
6
Suppose 3*z - 15 = -2*z. Let p = 174 - 152. Calculate the remainder when p is divided by z/(-12) - 159/(-12).
9
Let n be ((-18)/15)/(0 - (-3)/20). What is the remainder when (-298)/(-5) + n/(-120)*-9 is divided by 12?
11
Let m(z) = z**2 - 13*z - 12. Let n be m(14). Suppose -5*t + 32 = n. Let k = t - 3. What is the remainder when 12 is divided by k?
0
Let p(q) = q**2 - q - 31. Let k be p(10). Suppose -5*g + k = 2*d, -5*d - 56 - 11 = -4*g. Let n = 20 - 13. What is the remainder when g is divided by n?
6
Let b(f) = -36*f + 5. Suppose -20*t + 24 = -23*t. Calculate the remainder when b(t) is divided by 37.
34
Suppose 12060 = 76*z - 16*z. What is the remainder when z is divided by 70?
61
Let u = 121 + -80. Suppose 2*n + 16 - 48 = 0. Suppose -q - 2 = -n. Calculate the remainder when u is divided by q.
13
Let k be 140 + ((-6)/(-2) - 0). Suppose 0 = 5*u - 192 - k. Calculate the remainder when u is divided by 17.
16
Suppose 3*y - 4 = -4*p - 13, -4*y + p + 7 = 0. Calculate the remainder when 36 is divided by y + 16/(-4) + (-1 - -23).
17
Suppose 4*j - 21*j + 3417 = 0. Calculate the remainder when j is divided by 69.
63
Suppose 0 = 3*h - 19 + 1. Suppose -194 = h*o - 8*o. What is the remainder when o is divided by 11?
9
Let o = 62 - -69. What is the remainder when o is divided by 34?
29
Let u = 22 + -30. Let x = u - -10. Calculate the remainder when 4 is divided by x.
0
Suppose l = -4*f - 9, -5*l + f = -3*l. Let z be ((-7)/(-7))/(l/(-35)). Suppose -z = -4*i + 85. Calculate the remainder when 117 is divided by i.
27
Let y(m) = -21*m + 42. Calculate the remainder when y(-7) is divided by 32.
29
Let c(w) = 12*w - 5. Let l be c(1). Suppose -l = 10*m - 11*m. What is the remainder when 30 is divided by m?
2
Let f be 1/(-3) + (-20)/12. Let q(s) = 6*s**3 - 2*s + 2. What is the remainder when (-429)/(-15) - f/5 is divided by q(1)?
5
Let k = 198 + -131. Let h = 35 - 25. Calculate the remainder when k is divided by h.
7
Suppose 13*q - 54 = 16*q. Let g = q + 40. Let n = 111 + -72. Calculate the remainder when n is divided by g.
17
Let k = -1727 - -1756. Calculate the remainder when 162 is divided by k.
17
Let m(g) = 2*g. Suppose 10*c - 16 = 2*c. Calculate the remainder when -1 - 3/(3/(-16)) is divided by m(c).
3
Let w(t) = -2*t**3 + 14*t**2 - 6*t - 26. What is the remainder when 106 is divided by w(6)?
6
Let h(u) = u**2 + 27*u - 142. What is the remainder when h(-37) is divided by 33?
30
Let h(n) = -3*n**3 - 4*n**2 - 7*n - 8. Calculate the remainder when h(-2) is divided by 8.
6
Let k be 12/2*9/18. Suppose -59 = -3*z + 4*m, m + k*m + 8 = 0. Suppose 3*y - 19 = z. Calculate the remainder when 21 is divided by y.
9
Suppose -k = 3*u - 2*u - 19, k = -2. What is the remainder when 1116/144*8/((-1)/(-1)) is divided by u?
20
Let r = 223 + -169. Calculate the remainder when 158 is divided by r.
50
Suppose 11*v + 15 = 16*v. Suppose -2*m + m = -v. Suppose 4*t - 149 = w, -m*t + t + 69 = 5*w. Calculate the remainder when t is divided by 10.
7
Let r = -397 + 1304. Calculate the remainder when r is divided by 130.
127
Suppose 82*g - 165 = 49*g. Calculate the remainder when 55 is divided by g.
0
Let d = 74 + 114. What is the remainder when d is divided by 16?
12
Suppose -p + 2*v -